{"id":24,"date":"2025-12-23T14:33:11","date_gmt":"2025-12-23T14:33:11","guid":{"rendered":"https:\/\/ao-architekten.ch\/?page_id=24"},"modified":"2026-01-13T07:22:30","modified_gmt":"2026-01-13T07:22:30","slug":"https-www-ao-architekten-ch-team-ao-architekten-thun","status":"publish","type":"page","link":"https:\/\/ao-architekten.ch\/?page_id=24","title":{"rendered":"TEAM"},"content":{"rendered":"\n<div class=\"wp-block-cover alignfull is-light wp-duotone-duotone-1\" style=\"margin-top:0;padding-top:5vw;padding-right:5vw;padding-bottom:5vw;padding-left:5vw\"><img alt=\"\" loading=\"lazy\" decoding=\"async\" width=\"568\" height=\"1024\" class=\"wp-block-cover__image-background wp-image-64 size-large\" alt=\"\" src=\"https:\/\/ao-architekten.ch\/wp-content\/uploads\/2025\/11\/banner1-568x1024.jpg\" data-object-fit=\"cover\" srcset=\"https:\/\/ao-architekten.ch\/wp-content\/uploads\/2025\/11\/banner1-568x1024.jpg 568w, https:\/\/ao-architekten.ch\/wp-content\/uploads\/2025\/11\/banner1-166x300.jpg 166w, https:\/\/ao-architekten.ch\/wp-content\/uploads\/2025\/11\/banner1-768x1385.jpg 768w, https:\/\/ao-architekten.ch\/wp-content\/uploads\/2025\/11\/banner1-851x1536.jpg 851w, https:\/\/ao-architekten.ch\/wp-content\/uploads\/2025\/11\/banner1-1135x2048.jpg 1135w, https:\/\/ao-architekten.ch\/wp-content\/uploads\/2025\/11\/banner1-scaled.jpg 1419w\" sizes=\"auto, (max-width: 568px) 100vw, 568px\" \/><span aria-hidden=\"true\" class=\"wp-block-cover__background has-base-background-color has-background-dim-90 has-background-dim\"><\/span><div class=\"wp-block-cover__inner-container is-layout-flow wp-block-cover-is-layout-flow\">\n<div class=\"wp-block-group is-vertical is-layout-flex wp-container-core-group-is-layout-9e315920 wp-block-group-is-layout-flex\" style=\"border-style:none;border-width:0px;padding-top:0;padding-right:0;padding-bottom:0;padding-left:0\">\n<p class=\"has-text-align-right has-text-color\" style=\"color:#c8c4d3;font-size:clamp(46.18px, 2.886rem + ((1vw - 3.2px) * 4.565), 90px);font-style:normal;font-weight:700;letter-spacing:-4px;line-height:0.8;text-transform:uppercase\"><mark style=\"background-color:rgba(0, 0, 0, 0)\" class=\"has-inline-color has-custom-color-2-color\">spontan-<\/mark><\/p>\n\n\n\n<p class=\"has-text-align-right has-text-color\" style=\"color:#ac94b2;font-size:clamp(46.18px, 2.886rem + ((1vw - 3.2px) * 4.565), 90px);font-style:normal;font-weight:700;letter-spacing:-4px;line-height:0.8;text-transform:uppercase\"><mark style=\"background-color:rgba(0, 0, 0, 0)\" class=\"has-inline-color has-custom-color-2-color\">bewerbungen<\/mark><\/p>\n\n\n\n<p class=\"has-text-align-left has-text-color\" style=\"border-style:none;border-width:0px;color:#71689c;font-size:clamp(45.774px, 2.861rem + ((1vw - 3.2px) * 4.503), 89px);font-style:normal;font-weight:700;letter-spacing:-4px;line-height:0.8;text-transform:uppercase\"><mark style=\"background-color:rgba(0, 0, 0, 0)\" class=\"has-inline-color has-custom-color-1-color\">architekten, Zeichner,<br>Praktikanten<\/mark><br><mark style=\"background-color:rgba(0, 0, 0, 0)\" class=\"has-inline-color has-custom-color-2-color\">Lehrstelle ab 2028<\/mark><\/p>\n\n\n\n<p class=\"has-text-align-right has-custom-color-1-color has-text-color has-eloquia-text-font-family wp-container-content-9cfa9a5a\" style=\"font-size:clamp(24.034px, 1.502rem + ((1vw - 3.2px) * 1.663), 40px);font-style:normal;font-weight:200;letter-spacing:-1px;line-height:2.2;text-transform:uppercase\"><mark style=\"background-color:rgba(0, 0, 0, 0);color:#000000\" class=\"has-inline-color\"><a href=\"mailto:info@ao-architekten.ch\">info@ao-architekten.ch<\/a><\/mark><\/p>\n<\/div>\n<\/div><\/div>\n\n\n\n<div style=\"height:var(--wp--preset--spacing--50)\" aria-hidden=\"true\" class=\"wp-block-spacer\"><\/div>\n\n\n\n<div class=\"wp-block-group alignwide has-global-padding is-layout-constrained wp-block-group-is-layout-constrained\">\n<h2 class=\"wp-block-heading alignwide has-xx-large-font-size\" style=\"line-height:1.2\">Das sind wir.<\/h2>\n\n\n\n<p>Uns gibt es schon l\u00e4nger, als man denkt\u2026<\/p>\n\n\n\n<p class=\"has-contrast-color has-text-color has-link-color wp-elements-6f2e7810cf4b1ef0a7918214c7aec85b\">Wir waren alle Angestellte beim <a href=\"http:\/\/www.johannessaurer.ch\" data-type=\"link\" data-id=\"www.johannessaurer.ch\" target=\"_blank\" rel=\"noreferrer noopener\">Architekt Johannes Saurer BSA SIA<\/a> im Atelierhaus an der Uttigenstrasse 27 in Thun. Hier sind wir uns alle \u00fcber die Jahre begegnet und haben die Philosophie von Johannes Saurer in grossen Teilen geteilt und durch die Architekturprojekte \u2013 gebaut oder nicht \u2013 am Leben erhalten.<\/p>\n\n\n\n<p>Als nach langj\u00e4hriger Arbeit als Architekt f\u00fcr Johannes Saurer der Moment in die Pensionierung gekommen ist, blieb uns fast nichts anderes \u00fcbrig, als die Firma unter einem neuen Namen weiterzuf\u00fchren, da die geteilte Arbeitsphilosophie nur gemeinsam weitergef\u00fchrt werden kann.<\/p>\n\n\n\n<p>So sind wir hier, \u00fcbernehmen und machen weiter.<\/p>\n<\/div>\n\n\n\n<div style=\"height:45px\" aria-hidden=\"true\" class=\"wp-block-spacer\"><\/div>\n\n\n\n<hr class=\"wp-block-separator alignwide has-alpha-channel-opacity\"\/>\n\n\n\n<div style=\"height:45px\" aria-hidden=\"true\" class=\"wp-block-spacer\"><\/div>\n\n\n\n<div class=\"wp-block-group alignwide has-global-padding is-layout-constrained wp-block-group-is-layout-constrained\">\n<p><strong><mark style=\"background-color:rgba(0, 0, 0, 0)\" class=\"has-inline-color has-custom-color-2-color\">Gesch\u00e4ftsleitung:<\/mark><\/strong><mark style=\"background-color:rgba(0, 0, 0, 0)\" class=\"has-inline-color has-custom-color-2-color\"> <\/mark><mark style=\"background-color:rgba(0, 0, 0, 0)\" class=\"has-inline-color has-custom-color-1-color\"><br>Yvonne Aebersold BA BFH<\/mark><br><mark style=\"background-color:rgba(0, 0, 0, 0)\" class=\"has-inline-color has-custom-color-1-color\">Nina \u00d6zg\u00fcr MSc ETH SIA<\/mark><\/p>\n\n\n\n<p><mark style=\"background-color:rgba(0, 0, 0, 0)\" class=\"has-inline-color has-custom-color-2-color\">Architekten: <\/mark><mark style=\"background-color:rgba(0, 0, 0, 0)\" class=\"has-inline-color has-custom-color-1-color\"><br>Mira Weingartner BSc ETH<\/mark><br><mark style=\"background-color:rgba(0, 0, 0, 0)\" class=\"has-inline-color has-custom-color-1-color\">Sarah Muhmenthaler BA BFH<\/mark><\/p>\n\n\n\n<p><mark style=\"background-color:rgba(0, 0, 0, 0)\" class=\"has-inline-color has-custom-color-2-color\">Zeichnerinnen: <\/mark><mark style=\"background-color:rgba(0, 0, 0, 0)\" class=\"has-inline-color has-custom-color-1-color\"><br>Michelle Scheuner<\/mark><br><mark style=\"background-color:rgba(0, 0, 0, 0)\" class=\"has-inline-color has-custom-color-1-color\">India Reichenbach<\/mark><\/p>\n<\/div>\n\n\n\n<p><mark style=\"background-color:rgba(0, 0, 0, 0)\" class=\"has-inline-color has-custom-color-2-color\">Praktikantinnen: <\/mark><mark style=\"background-color:rgba(0, 0, 0, 0)\" class=\"has-inline-color has-custom-color-1-color\"><br>Anna-Lena Hutmacher<\/mark><br><mark style=\"background-color:rgba(0, 0, 0, 0)\" class=\"has-inline-color has-custom-color-1-color\">Anna Vifian<\/mark><\/p>\n\n\n\n<div class=\"wp-block-group alignfull has-global-padding is-layout-constrained wp-container-core-group-is-layout-b25ccd55 wp-block-group-is-layout-constrained\" style=\"margin-top:0;margin-bottom:0;padding-top:var(--wp--preset--spacing--50);padding-right:var(--wp--preset--spacing--50);padding-bottom:var(--wp--preset--spacing--50);padding-left:var(--wp--preset--spacing--50)\">\n<div class=\"wp-block-columns alignwide is-layout-flex wp-container-core-columns-is-layout-ff4b9c61 wp-block-columns-is-layout-flex\" style=\"margin-top:0;margin-bottom:0\">\n<div class=\"wp-block-column is-layout-flow wp-container-core-column-is-layout-8a368f38 wp-block-column-is-layout-flow\">\n<div style=\"height:var(--wp--preset--spacing--50)\" aria-hidden=\"true\" class=\"wp-block-spacer\"><\/div>\n\n\n\n<div class=\"wp-block-cover\" style=\"margin-top:var(--wp--preset--spacing--30);margin-bottom:var(--wp--preset--spacing--30);padding-top:var(--wp--preset--spacing--10);padding-right:var(--wp--preset--spacing--10);padding-bottom:var(--wp--preset--spacing--10);padding-left:var(--wp--preset--spacing--10);min-height:790px;aspect-ratio:unset;\"><img alt=\"\" loading=\"lazy\" decoding=\"async\" width=\"760\" height=\"1024\" class=\"wp-block-cover__image-background wp-image-45 size-large\" alt=\"\" src=\"https:\/\/ao-architekten.ch\/wp-content\/uploads\/2025\/11\/2021-Aebersold-Yvonne-6_sw-760x1024.jpg\" data-object-fit=\"cover\" srcset=\"https:\/\/ao-architekten.ch\/wp-content\/uploads\/2025\/11\/2021-Aebersold-Yvonne-6_sw-760x1024.jpg 760w, https:\/\/ao-architekten.ch\/wp-content\/uploads\/2025\/11\/2021-Aebersold-Yvonne-6_sw-223x300.jpg 223w, https:\/\/ao-architekten.ch\/wp-content\/uploads\/2025\/11\/2021-Aebersold-Yvonne-6_sw-768x1035.jpg 768w, https:\/\/ao-architekten.ch\/wp-content\/uploads\/2025\/11\/2021-Aebersold-Yvonne-6_sw-1140x1536.jpg 1140w, https:\/\/ao-architekten.ch\/wp-content\/uploads\/2025\/11\/2021-Aebersold-Yvonne-6_sw-1520x2048.jpg 1520w, https:\/\/ao-architekten.ch\/wp-content\/uploads\/2025\/11\/2021-Aebersold-Yvonne-6_sw.jpg 1855w\" sizes=\"auto, (max-width: 760px) 100vw, 760px\" \/><span aria-hidden=\"true\" class=\"wp-block-cover__background has-background-dim-0 has-background-dim\" style=\"background-color:#696969\"><\/span><div class=\"wp-block-cover__inner-container is-layout-flow wp-block-cover-is-layout-flow\">\n<p class=\"has-text-align-left has-custom-color-2-color has-text-color has-link-color has-eloquia-display-font-family has-large-font-size wp-elements-ab0c857102e73c492550dc5c07364081\" style=\"writing-mode:vertical-rl\"><a href=\"mailto:yvonne@ao-architekten.ch\" target=\"_blank\" rel=\"noreferrer noopener nofollow\">Yvonne Aebersold<\/a><\/p>\n<\/div><\/div>\n\n\n\n<div class=\"wp-block-cover\" style=\"margin-top:var(--wp--preset--spacing--30);margin-bottom:var(--wp--preset--spacing--30);padding-top:var(--wp--preset--spacing--10);padding-right:var(--wp--preset--spacing--10);padding-bottom:var(--wp--preset--spacing--10);padding-left:var(--wp--preset--spacing--10);min-height:790px;aspect-ratio:unset;\"><img alt=\"\" loading=\"lazy\" decoding=\"async\" width=\"760\" height=\"1024\" class=\"wp-block-cover__image-background wp-image-43 size-large\" alt=\"\" src=\"https:\/\/ao-architekten.ch\/wp-content\/uploads\/2025\/11\/2020-Oezgur-Nina-4_sw-760x1024.jpg\" data-object-fit=\"cover\" srcset=\"https:\/\/ao-architekten.ch\/wp-content\/uploads\/2025\/11\/2020-Oezgur-Nina-4_sw-760x1024.jpg 760w, https:\/\/ao-architekten.ch\/wp-content\/uploads\/2025\/11\/2020-Oezgur-Nina-4_sw-223x300.jpg 223w, https:\/\/ao-architekten.ch\/wp-content\/uploads\/2025\/11\/2020-Oezgur-Nina-4_sw-768x1035.jpg 768w, https:\/\/ao-architekten.ch\/wp-content\/uploads\/2025\/11\/2020-Oezgur-Nina-4_sw-1140x1536.jpg 1140w, https:\/\/ao-architekten.ch\/wp-content\/uploads\/2025\/11\/2020-Oezgur-Nina-4_sw-1520x2048.jpg 1520w, https:\/\/ao-architekten.ch\/wp-content\/uploads\/2025\/11\/2020-Oezgur-Nina-4_sw.jpg 1855w\" sizes=\"auto, (max-width: 760px) 100vw, 760px\" \/><span aria-hidden=\"true\" class=\"wp-block-cover__background has-background-dim-0 has-background-dim\" style=\"background-color:#4e4e4e\"><\/span><div class=\"wp-block-cover__inner-container is-layout-flow wp-block-cover-is-layout-flow\">\n<p class=\"has-text-align-left has-custom-color-2-color has-text-color has-link-color has-eloquia-display-font-family has-large-font-size wp-elements-602b1de9e28a544e72be29cf8c3e7154\" style=\"writing-mode:vertical-rl\"><a href=\"mailto:nina@ao-architekten.ch\" target=\"_blank\" rel=\"noreferrer noopener nofollow\">Nina \u00d6zg\u00fcr<\/a><\/p>\n<\/div><\/div>\n\n\n\n<div class=\"wp-block-cover\" style=\"margin-top:var(--wp--preset--spacing--30);margin-bottom:var(--wp--preset--spacing--30);padding-top:var(--wp--preset--spacing--10);padding-right:var(--wp--preset--spacing--10);padding-bottom:var(--wp--preset--spacing--10);padding-left:var(--wp--preset--spacing--10);min-height:790px;aspect-ratio:unset;\"><img alt=\"\" loading=\"lazy\" decoding=\"async\" width=\"761\" height=\"1024\" class=\"wp-block-cover__image-background wp-image-42 size-large\" alt=\"\" src=\"https:\/\/ao-architekten.ch\/wp-content\/uploads\/2025\/11\/2025-02-Weingartner-Mira-6_sw-761x1024.jpg\" data-object-fit=\"cover\" srcset=\"https:\/\/ao-architekten.ch\/wp-content\/uploads\/2025\/11\/2025-02-Weingartner-Mira-6_sw-761x1024.jpg 761w, https:\/\/ao-architekten.ch\/wp-content\/uploads\/2025\/11\/2025-02-Weingartner-Mira-6_sw-223x300.jpg 223w, https:\/\/ao-architekten.ch\/wp-content\/uploads\/2025\/11\/2025-02-Weingartner-Mira-6_sw-768x1034.jpg 768w, https:\/\/ao-architekten.ch\/wp-content\/uploads\/2025\/11\/2025-02-Weingartner-Mira-6_sw-1141x1536.jpg 1141w, https:\/\/ao-architekten.ch\/wp-content\/uploads\/2025\/11\/2025-02-Weingartner-Mira-6_sw-1521x2048.jpg 1521w, https:\/\/ao-architekten.ch\/wp-content\/uploads\/2025\/11\/2025-02-Weingartner-Mira-6_sw.jpg 1857w\" sizes=\"auto, (max-width: 761px) 100vw, 761px\" \/><span aria-hidden=\"true\" class=\"wp-block-cover__background has-background-dim-0 has-background-dim\" style=\"background-color:#4a4a4a\"><\/span><div class=\"wp-block-cover__inner-container is-layout-flow wp-block-cover-is-layout-flow\">\n<p class=\"has-text-align-left has-custom-color-2-color has-text-color has-link-color has-eloquia-display-font-family has-large-font-size wp-elements-1ec036f9e4403478c64d9849717a2d42\" style=\"writing-mode:vertical-rl\"><a href=\"mailto:mira@ao-architekten.ch\" target=\"_blank\" rel=\"noreferrer noopener nofollow\">Mira Weingartner<\/a><\/p>\n<\/div><\/div>\n\n\n\n<div class=\"wp-block-cover\" style=\"margin-top:var(--wp--preset--spacing--30);margin-bottom:var(--wp--preset--spacing--30);padding-top:var(--wp--preset--spacing--10);padding-right:var(--wp--preset--spacing--10);padding-bottom:var(--wp--preset--spacing--10);padding-left:var(--wp--preset--spacing--10);min-height:790px;aspect-ratio:unset;\"><img alt=\"\" loading=\"lazy\" decoding=\"async\" width=\"760\" height=\"1024\" class=\"wp-block-cover__image-background wp-image-40 size-large\" alt=\"\" src=\"https:\/\/ao-architekten.ch\/wp-content\/uploads\/2025\/11\/2020-Muhmenthaler-Sarah-6_sw-760x1024.jpg\" data-object-fit=\"cover\" srcset=\"https:\/\/ao-architekten.ch\/wp-content\/uploads\/2025\/11\/2020-Muhmenthaler-Sarah-6_sw-760x1024.jpg 760w, https:\/\/ao-architekten.ch\/wp-content\/uploads\/2025\/11\/2020-Muhmenthaler-Sarah-6_sw-223x300.jpg 223w, https:\/\/ao-architekten.ch\/wp-content\/uploads\/2025\/11\/2020-Muhmenthaler-Sarah-6_sw-768x1035.jpg 768w, https:\/\/ao-architekten.ch\/wp-content\/uploads\/2025\/11\/2020-Muhmenthaler-Sarah-6_sw-1140x1536.jpg 1140w, https:\/\/ao-architekten.ch\/wp-content\/uploads\/2025\/11\/2020-Muhmenthaler-Sarah-6_sw-1520x2048.jpg 1520w, https:\/\/ao-architekten.ch\/wp-content\/uploads\/2025\/11\/2020-Muhmenthaler-Sarah-6_sw.jpg 1855w\" sizes=\"auto, (max-width: 760px) 100vw, 760px\" \/><span aria-hidden=\"true\" class=\"wp-block-cover__background has-background-dim-0 has-background-dim\" style=\"background-color:#505050\"><\/span><div class=\"wp-block-cover__inner-container is-layout-flow wp-block-cover-is-layout-flow\">\n<p class=\"has-text-align-left has-custom-color-2-color has-text-color has-link-color has-eloquia-display-font-family has-large-font-size wp-elements-fd37f60f6eccd463e4185814c04a3dd5\" style=\"writing-mode:vertical-rl\"><a href=\"mailto:sarah@ao-architekten.ch\" target=\"_blank\" rel=\"noreferrer noopener nofollow\">Sarah Muhmenthaler<\/a><\/p>\n<\/div><\/div>\n<\/div>\n\n\n\n<div class=\"wp-block-column is-layout-flow wp-container-core-column-is-layout-8a368f38 wp-block-column-is-layout-flow\">\n<div class=\"wp-block-cover\" style=\"margin-top:var(--wp--preset--spacing--30);margin-bottom:var(--wp--preset--spacing--30);padding-top:var(--wp--preset--spacing--10);padding-right:var(--wp--preset--spacing--10);padding-bottom:var(--wp--preset--spacing--10);padding-left:var(--wp--preset--spacing--10);min-height:790px;aspect-ratio:unset;\"><img alt=\"\" loading=\"lazy\" decoding=\"async\" width=\"761\" height=\"1024\" class=\"wp-block-cover__image-background wp-image-41 size-large\" alt=\"\" src=\"https:\/\/ao-architekten.ch\/wp-content\/uploads\/2025\/11\/2024-08-Scheuner-Michelle-4_sw-761x1024.jpg\" data-object-fit=\"cover\" srcset=\"https:\/\/ao-architekten.ch\/wp-content\/uploads\/2025\/11\/2024-08-Scheuner-Michelle-4_sw-761x1024.jpg 761w, https:\/\/ao-architekten.ch\/wp-content\/uploads\/2025\/11\/2024-08-Scheuner-Michelle-4_sw-223x300.jpg 223w, https:\/\/ao-architekten.ch\/wp-content\/uploads\/2025\/11\/2024-08-Scheuner-Michelle-4_sw-768x1034.jpg 768w, https:\/\/ao-architekten.ch\/wp-content\/uploads\/2025\/11\/2024-08-Scheuner-Michelle-4_sw-1141x1536.jpg 1141w, https:\/\/ao-architekten.ch\/wp-content\/uploads\/2025\/11\/2024-08-Scheuner-Michelle-4_sw-1521x2048.jpg 1521w, https:\/\/ao-architekten.ch\/wp-content\/uploads\/2025\/11\/2024-08-Scheuner-Michelle-4_sw.jpg 1857w\" sizes=\"auto, (max-width: 761px) 100vw, 761px\" \/><span aria-hidden=\"true\" class=\"wp-block-cover__background has-background-dim-0 has-background-dim\" style=\"background-color:#6e6e6e\"><\/span><div class=\"wp-block-cover__inner-container is-layout-flow wp-block-cover-is-layout-flow\">\n<p class=\"has-text-align-left has-custom-color-2-color has-text-color has-link-color has-eloquia-display-font-family has-large-font-size wp-elements-b3837521e97127481c5f93026fa8c621\" style=\"writing-mode:vertical-rl\"><a href=\"mailto:michelle@ao-architekten.ch\" data-type=\"mailto\" data-id=\"mailto:michelle@ao-architekten.ch\" target=\"_blank\" rel=\"noreferrer noopener nofollow\">Michelle Scheuner<\/a><\/p>\n<\/div><\/div>\n\n\n\n<div class=\"wp-block-cover\" style=\"margin-top:var(--wp--preset--spacing--30);margin-bottom:var(--wp--preset--spacing--30);padding-top:var(--wp--preset--spacing--10);padding-right:var(--wp--preset--spacing--10);padding-bottom:var(--wp--preset--spacing--10);padding-left:var(--wp--preset--spacing--10);min-height:790px;aspect-ratio:unset;\"><img alt=\"\" loading=\"lazy\" decoding=\"async\" width=\"761\" height=\"1024\" class=\"wp-block-cover__image-background wp-image-46 size-large\" alt=\"\" src=\"https:\/\/ao-architekten.ch\/wp-content\/uploads\/2025\/11\/2025-09-Reichenbach-India-2_sw-761x1024.jpg\" style=\"object-position:50% 50%\" data-object-fit=\"cover\" data-object-position=\"50% 50%\" srcset=\"https:\/\/ao-architekten.ch\/wp-content\/uploads\/2025\/11\/2025-09-Reichenbach-India-2_sw-761x1024.jpg 761w, https:\/\/ao-architekten.ch\/wp-content\/uploads\/2025\/11\/2025-09-Reichenbach-India-2_sw-223x300.jpg 223w, https:\/\/ao-architekten.ch\/wp-content\/uploads\/2025\/11\/2025-09-Reichenbach-India-2_sw-768x1034.jpg 768w, https:\/\/ao-architekten.ch\/wp-content\/uploads\/2025\/11\/2025-09-Reichenbach-India-2_sw-1141x1536.jpg 1141w, https:\/\/ao-architekten.ch\/wp-content\/uploads\/2025\/11\/2025-09-Reichenbach-India-2_sw-1521x2048.jpg 1521w, https:\/\/ao-architekten.ch\/wp-content\/uploads\/2025\/11\/2025-09-Reichenbach-India-2_sw.jpg 1857w\" sizes=\"auto, (max-width: 761px) 100vw, 761px\" \/><span aria-hidden=\"true\" class=\"wp-block-cover__background has-background-dim-0 has-background-dim\" style=\"background-color:#6f6f6f\"><\/span><div class=\"wp-block-cover__inner-container is-layout-flow wp-block-cover-is-layout-flow\">\n<p class=\"has-text-align-left has-custom-color-2-color has-text-color has-link-color has-eloquia-display-font-family has-large-font-size wp-elements-fb43c1edb261eee084b5213b9c37cb5f\" style=\"writing-mode:vertical-rl\"><a href=\"mailto:india@ao-architekten.ch\" target=\"_blank\" rel=\"noreferrer noopener nofollow\">India Reichenbach<\/a><\/p>\n<\/div><\/div>\n\n\n\n<div class=\"wp-block-cover\" style=\"margin-top:var(--wp--preset--spacing--30);margin-bottom:var(--wp--preset--spacing--30);padding-top:var(--wp--preset--spacing--10);padding-right:var(--wp--preset--spacing--10);padding-bottom:var(--wp--preset--spacing--10);padding-left:var(--wp--preset--spacing--10);min-height:790px;aspect-ratio:unset;\"><img alt=\"\" loading=\"lazy\" decoding=\"async\" width=\"761\" height=\"1024\" class=\"wp-block-cover__image-background wp-image-54 size-large\" alt=\"\" src=\"https:\/\/ao-architekten.ch\/wp-content\/uploads\/2025\/11\/2025-09-Hutmacher-Anna-Lena-7_sw-761x1024.jpg\" data-object-fit=\"cover\" srcset=\"https:\/\/ao-architekten.ch\/wp-content\/uploads\/2025\/11\/2025-09-Hutmacher-Anna-Lena-7_sw-761x1024.jpg 761w, https:\/\/ao-architekten.ch\/wp-content\/uploads\/2025\/11\/2025-09-Hutmacher-Anna-Lena-7_sw-223x300.jpg 223w, https:\/\/ao-architekten.ch\/wp-content\/uploads\/2025\/11\/2025-09-Hutmacher-Anna-Lena-7_sw-768x1034.jpg 768w, https:\/\/ao-architekten.ch\/wp-content\/uploads\/2025\/11\/2025-09-Hutmacher-Anna-Lena-7_sw-1141x1536.jpg 1141w, https:\/\/ao-architekten.ch\/wp-content\/uploads\/2025\/11\/2025-09-Hutmacher-Anna-Lena-7_sw-1521x2048.jpg 1521w, https:\/\/ao-architekten.ch\/wp-content\/uploads\/2025\/11\/2025-09-Hutmacher-Anna-Lena-7_sw.jpg 1857w\" sizes=\"auto, (max-width: 761px) 100vw, 761px\" \/><span aria-hidden=\"true\" class=\"wp-block-cover__background has-background-dim-0 has-background-dim\" style=\"background-color:#6f6f6f\"><\/span><div class=\"wp-block-cover__inner-container is-layout-flow wp-block-cover-is-layout-flow\">\n<p class=\"has-text-align-left has-custom-color-2-color has-text-color has-link-color has-eloquia-display-font-family has-large-font-size wp-elements-59bbf91afce888e9512a0a0fc2f9dade\" style=\"writing-mode:vertical-rl\"><a href=\"mailto:anna-lena@ao-architekten.ch\" target=\"_blank\" rel=\"noreferrer noopener nofollow\">Anna-Lena Hutmacher<\/a><\/p>\n<\/div><\/div>\n\n\n\n<div class=\"wp-block-cover\" style=\"margin-top:var(--wp--preset--spacing--30);margin-bottom:var(--wp--preset--spacing--30);padding-top:var(--wp--preset--spacing--10);padding-right:var(--wp--preset--spacing--10);padding-bottom:var(--wp--preset--spacing--10);padding-left:var(--wp--preset--spacing--10);min-height:790px;aspect-ratio:unset;\"><img alt=\"\" loading=\"lazy\" decoding=\"async\" width=\"761\" height=\"1024\" class=\"wp-block-cover__image-background wp-image-44 size-large\" alt=\"\" src=\"https:\/\/ao-architekten.ch\/wp-content\/uploads\/2025\/11\/2025-11-Vifian-Anna-5_sw-761x1024.jpg\" data-object-fit=\"cover\" srcset=\"https:\/\/ao-architekten.ch\/wp-content\/uploads\/2025\/11\/2025-11-Vifian-Anna-5_sw-761x1024.jpg 761w, https:\/\/ao-architekten.ch\/wp-content\/uploads\/2025\/11\/2025-11-Vifian-Anna-5_sw-223x300.jpg 223w, https:\/\/ao-architekten.ch\/wp-content\/uploads\/2025\/11\/2025-11-Vifian-Anna-5_sw-768x1034.jpg 768w, https:\/\/ao-architekten.ch\/wp-content\/uploads\/2025\/11\/2025-11-Vifian-Anna-5_sw-1141x1536.jpg 1141w, https:\/\/ao-architekten.ch\/wp-content\/uploads\/2025\/11\/2025-11-Vifian-Anna-5_sw-1522x2048.jpg 1522w, https:\/\/ao-architekten.ch\/wp-content\/uploads\/2025\/11\/2025-11-Vifian-Anna-5_sw-scaled.jpg 1902w\" sizes=\"auto, (max-width: 761px) 100vw, 761px\" \/><span aria-hidden=\"true\" class=\"wp-block-cover__background has-background-dim-0 has-background-dim\" style=\"background-color:#686868\"><\/span><div class=\"wp-block-cover__inner-container is-layout-flow wp-block-cover-is-layout-flow\">\n<p class=\"has-text-align-left has-custom-color-2-color has-text-color has-link-color has-eloquia-display-font-family has-large-font-size wp-elements-e121d7291b800ad1bd429b4e1d6a4732\" style=\"writing-mode:vertical-rl\"><a href=\"mailto:anna@ao-architekten.ch\" target=\"_blank\" rel=\"noreferrer noopener nofollow\">Anna Vifian<\/a><\/p>\n<\/div><\/div>\n<\/div>\n<\/div>\n<\/div>\n\n\n\n<p class=\"has-text-align-center\"><sub>Fotos: \u00a9 Christian Helmle, Atelierhaus Thun<\/sub><\/p>\n","protected":false},"excerpt":{"rendered":"<p>Das sind wir. Uns gibt es schon l\u00e4nger, als man denkt\u2026 Wir waren alle Angestellte beim Architekt Johannes Saurer BSA SIA im Atelierhaus an der Uttigenstrasse 27 in Thun. Hier sind wir uns alle \u00fcber die Jahre begegnet und haben die Philosophie von Johannes Saurer in grossen Teilen geteilt und durch die Architekturprojekte \u2013 gebaut [&hellip;]<\/p>\n","protected":false},"author":1,"featured_media":0,"parent":0,"menu_order":0,"comment_status":"closed","ping_status":"closed","template":"","meta":{"_seopress_robots_primary_cat":"","_seopress_titles_title":"","_seopress_titles_desc":"","_seopress_robots_index":"","footnotes":""},"class_list":["post-24","page","type-page","status-publish","hentry"],"_links":{"self":[{"href":"https:\/\/ao-architekten.ch\/index.php?rest_route=\/wp\/v2\/pages\/24","targetHints":{"allow":["GET"]}}],"collection":[{"href":"https:\/\/ao-architekten.ch\/index.php?rest_route=\/wp\/v2\/pages"}],"about":[{"href":"https:\/\/ao-architekten.ch\/index.php?rest_route=\/wp\/v2\/types\/page"}],"author":[{"embeddable":true,"href":"https:\/\/ao-architekten.ch\/index.php?rest_route=\/wp\/v2\/users\/1"}],"replies":[{"embeddable":true,"href":"https:\/\/ao-architekten.ch\/index.php?rest_route=%2Fwp%2Fv2%2Fcomments&post=24"}],"version-history":[{"count":29,"href":"https:\/\/ao-architekten.ch\/index.php?rest_route=\/wp\/v2\/pages\/24\/revisions"}],"predecessor-version":[{"id":530,"href":"https:\/\/ao-architekten.ch\/index.php?rest_route=\/wp\/v2\/pages\/24\/revisions\/530"}],"wp:attachment":[{"href":"https:\/\/ao-architekten.ch\/index.php?rest_route=%2Fwp%2Fv2%2Fmedia&parent=24"}],"curies":[{"name":"wp","href":"https:\/\/api.w.org\/{rel}","templated":true}]}}